-2*y - 720 = 1190. Let g = -676 - y. Suppose 4*s - 216 = -a, -2*a = -5*s - a + g. Is s composite?
True
Suppose 0 = -0*j + 2*j - 16. Let i = 2 + j. Let u(g) = -g**3 + 10*g**2 + 14*g - 9. Is u(i) a composite number?
False
Suppose -171*l = -165*l - 7914. Is l a prime number?
True
Suppose 136 + 292 = w. Let r = w + -243. Let c = 312 - r. Is c a prime number?
True
Suppose 3*g = i - 5, -2*g = 3*i + g - 3. Suppose 3*c + 3*l + 247 = 4*c, 3*l + 506 = i*c. Is c a prime number?
False
Is (-12)/(-16) + (-4217)/(-12)*3 a prime number?
False
Let z(m) = 455*m - 4. Let l be z(4). Suppose 5*s - 1494 = l. Is s composite?
True
Let l = 461 + -789. Let r = l - -531. Is r prime?
False
Let u(t) = -t + 26. Let l be u(6). Suppose 17*x + 1893 = l*x. Is x a prime number?
True
Let v = 10490 - 2497. Is v a composite number?
False
Suppose 0 = -4*c + 4*r + 960, 4*c + 2*r + 171 = 1101. Let v = -120 + c. Is v prime?
False
Let u be -2 - ((-19038)/4 + (-7)/14). Suppose -i = 5*i - u. Is i prime?
False
Let q(k) = -11*k + 458. Is q(-40) prime?
False
Is (-18)/90 - ((-178726)/5 - 2) a composite number?
False
Is (-284561)/(-17) + (-146)/(-1241) composite?
True
Let w(i) = i - 5. Let m be w(5). Suppose 0 = 4*u - 5*l - m*l - 838, 2*l + 420 = 2*u. Suppose 2*j = -2*j + u. Is j composite?
False
Let s(k) = 39*k**3 - 2*k**2 + 3*k + 3. Let i be s(3). Suppose -x - i = -4*t, 4*t - 3*t + 3*x - 278 = 0. Is t composite?
False
Let m(r) = 7790*r**2 + 5*r - 56. Is m(5) a composite number?
True
Let y(w) = 210*w**2 - 10 + 3 + 6. Suppose c - 5 + 6 = 0. Is y(c) a prime number?
False
Let z(u) = -u**2 + 12. Let y be z(9). Let b = y - -136. Is b composite?
False
Let a(h) = -2*h**3 + 3*h**2 + 3*h - 9. Suppose -n - 6 = n + 4*s, -5*s = 4*n + 15. Is a(n) composite?
True
Let o(b) = 13*b + 209. Let s be o(-34). Let l = 539 - 974. Let j = s - l. Is j prime?
False
Let h(b) = -b**2 + 10*b - 5. Let z be h(9). Suppose f = 4, -z*o = -3*f - 365 + 69. Is o a prime number?
False
Let d(f) = 443*f**2 - 3*f - 63. Is d(8) a prime number?
False
Let m = -308 - -128. Suppose -4*r = -4*q + 1456, 3*r - 1790 = -5*q + 2*r. Let z = q + m. Is z a prime number?
True
Let t(d) = 12*d - 5. Let y be t(2). Let j = 49 - -1. Let b = j - y. Is b composite?
False
Suppose 7*u + 21905 = 12*u. Is u a prime number?
False
Let a(q) = 4*q - 32. Let r be a(7). Is 417 - (r + 6 + -4) a prime number?
True
Suppose -3*y + 36 = -6*y. Let c be (-4)/y*(-3 + 3). Suppose -3*h + 525 + 276 = c. Is h prime?
False
Let b be (21/(-6))/(-7)*0. Suppose 5*a - 4188 = -4*c + 6287, b = -a - 4*c + 2079. Is a a composite number?
False
Suppose 1449 = 3*b + 8*p - 4*p, 2*p + 952 = 2*b. Is b a prime number?
True
Suppose 5 = 3*b - 4. Suppose -725 = -l - b*c, -544 = -2*l + 5*c + 862. Is l/3 + 4/(-6) prime?
False
Let k = 15168 + 691. Is k prime?
True
Let w be (777/(-4))/(6/16). Let f = 877 + w. Is f a prime number?
True
Is ((1/3)/(18/(-641412)))/(-2) composite?
False
Let j(w) = -5*w**3 - 2*w**2 - 11*w - 17. Is j(-8) a composite number?
False
Suppose -4*b = p - 51, 0*b + 3*b + 2*p = 42. Let y(w) = w**3 - 10*w**2 - 6*w - 5. Is y(b) composite?
False
Let t = -57 + 24. Let g(w) = -2*w**3 + 5*w**2 - 12*w + 25. Let j be g(5). Let y = t - j. Is y prime?
True
Let i = 10 + -3. Let j = -2 + i. Let t(f) = -f**3 + 10*f**2 - 7*f + 7. Is t(j) composite?
False
Suppose -4*g = -2*w + 2654, -4*w + 2*g = -w - 3965. Is w composite?
False
Let k = 2042 - 4536. Let g = 5853 + k. Is g a prime number?
True
Let w(o) = -o**3 - 3*o**2 - 9*o - 39. Is w(-16) composite?
False
Suppose -53*m + 87*m = 1007386. Is m prime?
True
Let j = -143 + 415. Let f = -190 + j. Let p = f + 249. Is p a composite number?
False
Let m(i) = -3*i + 1672. Let a be m(0). Suppose 1 + 24 = -5*g, -4*u = -4*g - a. Is u composite?
True
Let i be (3 - -1)/2 + (0 - -1). Suppose -i*n + 0*n = 4*j - 5051, -4*j = -5*n - 5011. Is j composite?
False
Suppose 245*v - 341235 = 236*v. Is v prime?
False
Let z be -1*(-3 - -1*2). Suppose -2*n + 38 = 3*w + 9, 2*n = -w + 7. Is z*w - (6 + -8) a prime number?
True
Suppose 3*t + 66341 = -20*f + 21*f, 265332 = 4*f - 4*t. Is f prime?
False
Let u be (-391)/(-2) - (-1)/2. Let p(z) = z**3 + 15*z**2 + 16*z + 5. Let y be p(-13). Suppose -u = -t + y. Is t composite?
False
Suppose -5*s + 1 + 14 = 0, 0 = 5*v - 5*s. Suppose -5 + 44 = v*b - 2*g, -2*b - 3*g + 26 = 0. Let y = 32 - b. Is y prime?
True
Let h be (-8)/(-12) - 3458/(-6). Let k = 895 - h. Is k + (-4)/8*2 a prime number?
True
Let o be (-15)/((-3)/(-4) - 0). Suppose -f + 2*h = 23, f + 56 = -f + 2*h. Let i = o - f. Is i prime?
True
Suppose 5*j + 1735 = -3*k, k = j + 5*k + 347. Is j/(((-2)/3)/((-20)/(-30))) a prime number?
True
Is -7*(-1)/(-1)*(-309635)/35 a composite number?
False
Let a = 526 + 1641. Is a composite?
True
Let f = -421 - -1610. Is f a composite number?
True
Let k = 16 + -12. Let j = 7 - k. Suppose -j*z + 955 = 2*z. Is z a composite number?
False
Let u = 10 - 10. Suppose u = -8*r + 13*r - 195. Is r composite?
True
Suppose 0 = 5*q + 20 - 5, -3*q = 4*y + 1869. Let k = y + 1006. Is k a prime number?
True
Is (3/15 + 0)*30185 composite?
False
Let t = -296 - -151. Suppose -101*o = -125*o + 5808. Let a = t + o. Is a a prime number?
True
Suppose z - 71261 = -5*h, -45*z + 41*z - 16 = 0. Is h prime?
False
Let p = 375 + 166. Is p prime?
True
Let f(t) = -3*t + 4. Let b be f(1). Is (2 + 12/(-8))/(b/710) composite?
True
Let g(w) = -83*w**3 + 2*w**2 - 4*w - 4. Let j be 0/(4 - 3) + -1 + -2. Is g(j) a prime number?
True
Let a(q) be the second derivative of -5*q**3/2 - 5*q**2 - 3*q. Is a(-5) prime?
False
Suppose 0 = -o - 26*o + 41499. Is o a prime number?
False
Suppose 4*c = -4, -2*c - 6281 = -5*m + 8356. Is m a prime number?
True
Suppose 5*v - 11374 + 2778 = -2*t, -3*v - 12915 = -3*t. Is t a prime number?
False
Let i = 18533 + 8510. Is i a composite number?
False
Let u be (-10)/15*(-1)/(-2)*-6. Suppose -2*w + w + 297 = u*x, -5*w + 1470 = -5*x. Is w a composite number?
True
Suppose 0*k + 2*k + 2*b = -6, -b + 3 = -k. Let n(f) be the third derivative of -f**6/20 + f**5/15 - f**4/24 - f**2. Is n(k) prime?
False
Suppose 0*o + 5*o + 2*u = -56, -5*u = -2*o - 34. Let h be ((-12)/(-15))/(o/(-390)). Suppose 6*c - 140 + h = 0. Is c composite?
False
Let p = 37 - 31. Is p - 2 - (-1 + -288) composite?
False
Let u(j) = -8*j + 1. Let f be u(1). Suppose -22*x = -21*x + 9. Is f/21 + (-606)/x a prime number?
True
Suppose 180934 = -15*o + 1167769. Is o a composite number?
False
Let p be (-2 + 3 - 5) + -608. Is 4/(-2) - (1 + p/3) a composite number?
True
Let r(f) = -114*f - 1. Let k be r(-1). Suppose 0 = t + 6*g - 4*g - k, -3*t + 3*g + 366 = 0. Suppose 2*z - 39 - t = 0. Is z a prime number?
True
Is 583184/392*(-7)/(-2) composite?
True
Suppose 0*x = -4*x. Suppose -3*v + x*v + 9 = 0. Suppose -5*m - 5*n = -1090, v*n = 4*m + 2*n - 867. Is m prime?
False
Let a(f) = 53*f**3 - 5*f**2 + 6*f - 3. Let u = -8 + 10. Is a(u) a composite number?
True
Let j be -1*(-4)/2 + -16. Let f = j + 4. Let l(z) = 2*z**2 + 9*z + 5. Is l(f) a prime number?
False
Let n = 18030 + 2951. Is n composite?
False
Is 8 - 774/99 - (-1106451)/33 prime?
True
Suppose 0 = -6*w + 27*w - 245658. Is w composite?
True
Let v = 10146 - -4963. Is v a composite number?
True
Suppose 2*o - 6460 - 9741 = -3*q, 0 = -o - 5*q + 8118. Is o a composite number?
False
Let b(k) = 8*k**2 - 4*k. Let w be b(7). Let p = -191 + 200. Suppose 0 = 13*t - p*t - w. Is t a composite number?
True
Let p = -66 + 439. Is p composite?
False
Suppose -2*y - 5*l + 675 = -147, -5*y + l = -2055. Suppose 2*j + 2*j - 1168 = 0. Let n = y - j. Is n a composite number?
True
Suppose p + 4*a + 265 = -0*a, 2*a - 530 = 2*p. Is (42/9)/(1 - p/(-267)) a prime number?
False
Suppose 2*r - k + 422 = 0, 0 = 3*k + 2 + 10. Is (r/(-2))/((-72)/16 + 5) composite?
True
Let f = 178 - 169. Suppose 0 = -f*o + 4*o + 4355. Is o composite?
True
Let n be (-534)/(-10) + (-3)/(-5). Let o be n/10 - (-18)/(-45). Suppose o*y + 4*j - 87 = 0, -6 = -4*j + 2*j. Is y a composite number?
True
Let p = -1201 - -2021. Suppose -3*m = -2*v - 3377, m - 4*v - p - 319 = 0. Is m a prime number?
True
Let r(z) be the first derivative of -11*z**2 - 7*z - 3. Let v be ((-24)/32)/((-2)/(-8)). Is r(v) a composite number?
False
Let f(a) = 2*a**2 - a + 4. Let l be f(0). Is (-6)/l*(-1628)/33 a prime number?
False
Let m = 19 - -